{"id":84,"date":"2018-05-07T09:37:20","date_gmt":"2018-05-07T09:37:20","guid":{"rendered":"http:\/\/www.lojameraki.pt\/novo\/?page_id=84"},"modified":"2018-06-04T14:17:11","modified_gmt":"2018-06-04T14:17:11","slug":"sobre-nos","status":"publish","type":"page","link":"https:\/\/www.lojameraki.pt\/novo\/sobre-nos\/","title":{"rendered":"Sobre n\u00f3s"},"content":{"rendered":"<p><strong>Meraki<\/strong>, do grego: Fazer algo com alma, criatividade ou amor. Colocar parte de si em algo que esta\u0301 a fazer.<\/p>\n<p>Esta \u00e9 a premissa do projecto Meraki.<\/p>\n<p>Loja \u2013 Atelier \u2013 \u00e9 o que concretiza este projeto.<\/p>\n<p>Nasceu primeiro a loja f\u00edsica e agora ap\u00f3s um ano de experi\u00eancia a loja online.<\/p>\n<p>Pretende desde sempre ser um espa\u00e7o onde encontra bons fios, marcados pela qualidade e diferen\u00e7a, todos os materiais necess\u00e1rios para concretizar as pe\u00e7as t\u00e3o desejadas.<\/p>\n<p>Tricot e Crochet s\u00e3o as duas vertentes iniciais, vir\u00e3o outras, sempre ligados \u00e0 \u00e1rea t\u00eaxtil, como o Macram\u00e9, Tecelagem, Tape\u00e7aria ou mesmo Bordado.<\/p>\n<p>\u00c9 um ponto de partida, de onde saem fios para todo o mundo, mas tamb\u00e9m onde se partilham conhecimentos, nas aulas, nas oficinas, nos encontros\u2026<\/p>\n<p>Sejam todas e todos bem-vindas\/os!<\/p>\n","protected":false},"excerpt":{"rendered":"<p>Meraki, do grego: Fazer algo com alma, criatividade ou amor. Colocar parte de si em algo que esta\u0301 a fazer. Esta \u00e9 a premissa do projecto Meraki. Loja \u2013 Atelier \u2013 \u00e9 o que concretiza este projeto. Nasceu primeiro a loja f\u00edsica e agora ap\u00f3s um ano de experi\u00eancia a loja online. Pretende desde sempre [&hellip;]<\/p>\n","protected":false},"author":2,"featured_media":0,"parent":0,"menu_order":0,"comment_status":"closed","ping_status":"closed","template":"","meta":{"_et_pb_use_builder":"","_et_pb_old_content":"","_et_gb_content_width":"","footnotes":""},"class_list":["post-84","page","type-page","status-publish","hentry"],"_links":{"self":[{"href":"https:\/\/www.lojameraki.pt\/novo\/wp-json\/wp\/v2\/pages\/84","targetHints":{"allow":["GET"]}}],"collection":[{"href":"https:\/\/www.lojameraki.pt\/novo\/wp-json\/wp\/v2\/pages"}],"about":[{"href":"https:\/\/www.lojameraki.pt\/novo\/wp-json\/wp\/v2\/types\/page"}],"author":[{"embeddable":true,"href":"https:\/\/www.lojameraki.pt\/novo\/wp-json\/wp\/v2\/users\/2"}],"replies":[{"embeddable":true,"href":"https:\/\/www.lojameraki.pt\/novo\/wp-json\/wp\/v2\/comments?post=84"}],"version-history":[{"count":4,"href":"https:\/\/www.lojameraki.pt\/novo\/wp-json\/wp\/v2\/pages\/84\/revisions"}],"predecessor-version":[{"id":1324,"href":"https:\/\/www.lojameraki.pt\/novo\/wp-json\/wp\/v2\/pages\/84\/revisions\/1324"}],"wp:attachment":[{"href":"https:\/\/www.lojameraki.pt\/novo\/wp-json\/wp\/v2\/media?parent=84"}],"curies":[{"name":"wp","href":"https:\/\/api.w.org\/{rel}","templated":true}]}}