{"id":10941,"date":"2026-04-14T16:14:50","date_gmt":"2026-04-14T16:14:50","guid":{"rendered":"https:\/\/www.lojameraki.pt\/novo\/?post_type=product&#038;p=10941"},"modified":"2026-04-14T16:17:29","modified_gmt":"2026-04-14T16:17:29","slug":"revista-eco-vita-col-4-multicolor","status":"publish","type":"product","link":"https:\/\/www.lojameraki.pt\/novo\/product\/revista-eco-vita-col-4-multicolor\/","title":{"rendered":"Revista eco vita col 4 &#8211; multicolor"},"content":{"rendered":"<p>Eco Vita Multicolor 607<\/p>\n<p>Composi\u00e7\u00e3o:\u00a0 80%\u00a0 algod\u00e3o reciclado; 20% poli\u00e9ster<\/p>\n<p>Revista eco vita col 4 &#8211; multicolor<\/p>\n<p>Livro Love Me Longer Collection 4 \u2013\u00a0 6 Modelos para mulher com Eco Vita Multicolor\u00a0 fio de algod\u00e3o reciclado tricot e crochet ( instru\u00e7\u00f5es em portugu\u00eas)<\/p>\n","protected":false},"excerpt":{"rendered":"<p>Eco Vita Multicolor 607 Composi\u00e7\u00e3o:\u00a0 80%\u00a0 algod\u00e3o reciclado; 20% poli\u00e9ster Revista eco vita col 4 &#8211; multicolor Livro Love Me Longer Collection 4 \u2013\u00a0 6 Modelos para mulher com Eco Vita Multicolor\u00a0 fio de algod\u00e3o reciclado tricot e crochet ( instru\u00e7\u00f5es em portugu\u00eas)<\/p>\n","protected":false},"featured_media":10942,"template":"","meta":{"_et_pb_use_builder":"","_et_pb_old_content":"","_et_gb_content_width":""},"product_brand":[],"product_cat":[77,112,22,331,423,23,20,21,85,26,210],"product_tag":[],"class_list":{"0":"post-10941","1":"product","2":"type-product","3":"status-publish","4":"has-post-thumbnail","6":"product_cat-algodao","7":"product_cat-aran","8":"product_cat-composicao","9":"product_cat-dmc","10":"product_cat-eco-vita","11":"product_cat-espessura","12":"product_cat-fios","13":"product_cat-marcas","14":"product_cat-poliester","15":"product_cat-primavera-verao","16":"product_cat-publicacoes-revistas","18":"first","19":"instock","20":"shipping-taxable","21":"purchasable","22":"product-type-simple"},"_links":{"self":[{"href":"https:\/\/www.lojameraki.pt\/novo\/wp-json\/wp\/v2\/product\/10941","targetHints":{"allow":["GET"]}}],"collection":[{"href":"https:\/\/www.lojameraki.pt\/novo\/wp-json\/wp\/v2\/product"}],"about":[{"href":"https:\/\/www.lojameraki.pt\/novo\/wp-json\/wp\/v2\/types\/product"}],"wp:featuredmedia":[{"embeddable":true,"href":"https:\/\/www.lojameraki.pt\/novo\/wp-json\/wp\/v2\/media\/10942"}],"wp:attachment":[{"href":"https:\/\/www.lojameraki.pt\/novo\/wp-json\/wp\/v2\/media?parent=10941"}],"wp:term":[{"taxonomy":"product_brand","embeddable":true,"href":"https:\/\/www.lojameraki.pt\/novo\/wp-json\/wp\/v2\/product_brand?post=10941"},{"taxonomy":"product_cat","embeddable":true,"href":"https:\/\/www.lojameraki.pt\/novo\/wp-json\/wp\/v2\/product_cat?post=10941"},{"taxonomy":"product_tag","embeddable":true,"href":"https:\/\/www.lojameraki.pt\/novo\/wp-json\/wp\/v2\/product_tag?post=10941"}],"curies":[{"name":"wp","href":"https:\/\/api.w.org\/{rel}","templated":true}]}}