{"id":2342,"date":"2019-09-24T11:03:43","date_gmt":"2019-09-24T11:03:43","guid":{"rendered":"http:\/\/www.lojameraki.pt\/?post_type=product&#038;p=2342"},"modified":"2022-11-23T15:18:44","modified_gmt":"2022-11-23T15:18:44","slug":"mordale-feather","status":"publish","type":"product","link":"https:\/\/www.lojameraki.pt\/novo\/product\/mordale-feather\/","title":{"rendered":"Mordale Feather"},"content":{"rendered":"<p>Mordale Feather<\/p>\n<p>Composi\u00e7\u00e3o: 70% l\u00e3; 30% alpaca<\/p>\n<p>Peso: 100 gramas<\/p>\n<p>Comprimento: 230 metros | DK<\/p>\n<p>Agulhas: 4mm<\/p>\n<p>Amostra:\u00a0 23 malhas por 30 carreiras\u00a0 \u00a0(10 x 10 cm)<\/p>\n<p>Lav\u00e1vel \u00e0 m\u00e3o<\/p>\n<p>&nbsp;<\/p>\n","protected":false},"excerpt":{"rendered":"<p>Mordale Feather Composi\u00e7\u00e3o: 70% l\u00e3; 30% alpaca Peso: 100 gramas Comprimento: 230 metros | DK Agulhas: 4mm Amostra:\u00a0 23 malhas por 30 carreiras\u00a0 \u00a0(10 x 10 cm) Lav\u00e1vel \u00e0 m\u00e3o &nbsp;<\/p>\n","protected":false},"featured_media":2337,"template":"","meta":{"_et_pb_use_builder":"","_et_pb_old_content":"","_et_gb_content_width":""},"product_brand":[],"product_cat":[22,88,23,20,70,72,21,263,107],"product_tag":[],"class_list":{"0":"post-2342","1":"product","2":"type-product","3":"status-publish","4":"has-post-thumbnail","6":"product_cat-composicao","7":"product_cat-dk","8":"product_cat-espessura","9":"product_cat-fios","10":"product_cat-la","11":"product_cat-la-alpaca","12":"product_cat-marcas","13":"product_cat-mordale","14":"product_cat-rowan-marcas","16":"first","17":"outofstock","18":"shipping-taxable","19":"purchasable","20":"product-type-simple"},"_links":{"self":[{"href":"https:\/\/www.lojameraki.pt\/novo\/wp-json\/wp\/v2\/product\/2342","targetHints":{"allow":["GET"]}}],"collection":[{"href":"https:\/\/www.lojameraki.pt\/novo\/wp-json\/wp\/v2\/product"}],"about":[{"href":"https:\/\/www.lojameraki.pt\/novo\/wp-json\/wp\/v2\/types\/product"}],"wp:featuredmedia":[{"embeddable":true,"href":"https:\/\/www.lojameraki.pt\/novo\/wp-json\/wp\/v2\/media\/2337"}],"wp:attachment":[{"href":"https:\/\/www.lojameraki.pt\/novo\/wp-json\/wp\/v2\/media?parent=2342"}],"wp:term":[{"taxonomy":"product_brand","embeddable":true,"href":"https:\/\/www.lojameraki.pt\/novo\/wp-json\/wp\/v2\/product_brand?post=2342"},{"taxonomy":"product_cat","embeddable":true,"href":"https:\/\/www.lojameraki.pt\/novo\/wp-json\/wp\/v2\/product_cat?post=2342"},{"taxonomy":"product_tag","embeddable":true,"href":"https:\/\/www.lojameraki.pt\/novo\/wp-json\/wp\/v2\/product_tag?post=2342"}],"curies":[{"name":"wp","href":"https:\/\/api.w.org\/{rel}","templated":true}]}}