{"id":2379,"date":"2019-10-09T14:01:28","date_gmt":"2019-10-09T14:01:28","guid":{"rendered":"http:\/\/www.lojameraki.pt\/?post_type=product&#038;p=2379"},"modified":"2022-10-18T08:37:18","modified_gmt":"2022-10-18T08:37:18","slug":"our-tribe-986-energise","status":"publish","type":"product","link":"https:\/\/www.lojameraki.pt\/novo\/product\/our-tribe-986-energise\/","title":{"rendered":"Our Tribe  986 Energise"},"content":{"rendered":"<p>Our Tribe 986 Energise<\/p>\n<p>Composi\u00e7\u00e3o:\u00a0 70%\u00a0 Merino superwash; 30%Poliamida<\/p>\n<p>Peso: 100 gramas<\/p>\n<p>Comprimento: 420 metros\u00a0 | Light Fingering<\/p>\n<p>Agulhas: 2,5 &#8211; 3 mm<\/p>\n<p>Amostra: 28 malhas\u00a0 por 43 carreiras (10 cm x 10 cm )<\/p>\n<p>Lav\u00e1vel \u00e0 m\u00e1quina 40\u00ba<\/p>\n","protected":false},"excerpt":{"rendered":"<p>Our Tribe 986 Energise Composi\u00e7\u00e3o:\u00a0 70%\u00a0 Merino superwash; 30%Poliamida Peso: 100 gramas Comprimento: 420 metros\u00a0 | Light Fingering Agulhas: 2,5 &#8211; 3 mm Amostra: 28 malhas\u00a0 por 43 carreiras (10 cm x 10 cm ) Lav\u00e1vel \u00e0 m\u00e1quina 40\u00ba<\/p>\n","protected":false},"featured_media":2380,"template":"","meta":{"_et_pb_use_builder":"","_et_pb_old_content":"","_et_gb_content_width":""},"product_brand":[],"product_cat":[22,23,20,70,113,21,76,173,102],"product_tag":[],"class_list":{"0":"post-2379","1":"product","2":"type-product","3":"status-publish","4":"has-post-thumbnail","6":"product_cat-composicao","7":"product_cat-espessura","8":"product_cat-fios","9":"product_cat-la","10":"product_cat-light-fingering","11":"product_cat-marcas","12":"product_cat-poliamida-nylon","13":"product_cat-our-tribe","14":"product_cat-scheepjes-marcas","16":"first","17":"instock","18":"shipping-taxable","19":"purchasable","20":"product-type-simple"},"_links":{"self":[{"href":"https:\/\/www.lojameraki.pt\/novo\/wp-json\/wp\/v2\/product\/2379","targetHints":{"allow":["GET"]}}],"collection":[{"href":"https:\/\/www.lojameraki.pt\/novo\/wp-json\/wp\/v2\/product"}],"about":[{"href":"https:\/\/www.lojameraki.pt\/novo\/wp-json\/wp\/v2\/types\/product"}],"wp:featuredmedia":[{"embeddable":true,"href":"https:\/\/www.lojameraki.pt\/novo\/wp-json\/wp\/v2\/media\/2380"}],"wp:attachment":[{"href":"https:\/\/www.lojameraki.pt\/novo\/wp-json\/wp\/v2\/media?parent=2379"}],"wp:term":[{"taxonomy":"product_brand","embeddable":true,"href":"https:\/\/www.lojameraki.pt\/novo\/wp-json\/wp\/v2\/product_brand?post=2379"},{"taxonomy":"product_cat","embeddable":true,"href":"https:\/\/www.lojameraki.pt\/novo\/wp-json\/wp\/v2\/product_cat?post=2379"},{"taxonomy":"product_tag","embeddable":true,"href":"https:\/\/www.lojameraki.pt\/novo\/wp-json\/wp\/v2\/product_tag?post=2379"}],"curies":[{"name":"wp","href":"https:\/\/api.w.org\/{rel}","templated":true}]}}