{"id":308,"date":"2018-05-15T13:30:45","date_gmt":"2018-05-15T13:30:45","guid":{"rendered":"http:\/\/www.lojameraki.pt\/novo\/?post_type=product&#038;p=308"},"modified":"2024-12-02T18:22:56","modified_gmt":"2024-12-02T18:22:56","slug":"belmonte-21","status":"publish","type":"product","link":"https:\/\/www.lojameraki.pt\/novo\/product\/belmonte-21\/","title":{"rendered":"Belmonte 21"},"content":{"rendered":"<p>Belmonte 21<\/p>\n<p>Composi\u00e7\u00e3o:\u00a0 50% Algod\u00e3o org\u00e2nico; 50% l\u00e3 org\u00e2nica<\/p>\n<p>Peso: 50 gramas<\/p>\n<p>Comprimento: 125 metros\u00a0 | DK<\/p>\n<p>Agulhas: 3,5- 4,5 mm<\/p>\n<p>Amostra: 21 malhas por 31 carreiras\u00a0 (10 x 10 cm)<\/p>\n<p>Lavar \u00e0 m\u00e1quina 30\u00ba<\/p>\n","protected":false},"excerpt":{"rendered":"<p>Belmonte 21 Composi\u00e7\u00e3o:\u00a0 50% Algod\u00e3o org\u00e2nico; 50% l\u00e3 org\u00e2nica Peso: 50 gramas Comprimento: 125 metros\u00a0 | DK Agulhas: 3,5- 4,5 mm Amostra: 21 malhas por 31 carreiras\u00a0 (10 x 10 cm) Lavar \u00e0 m\u00e1quina 30\u00ba<\/p>\n","protected":false},"featured_media":309,"template":"","meta":{"_et_pb_use_builder":"","_et_pb_old_content":"","_et_gb_content_width":""},"product_brand":[],"product_cat":[77,140,22,88,23,20,70,21,95],"product_tag":[],"class_list":{"0":"post-308","1":"product","2":"type-product","3":"status-publish","4":"has-post-thumbnail","6":"product_cat-algodao","7":"product_cat-belmonte","8":"product_cat-composicao","9":"product_cat-dk","10":"product_cat-espessura","11":"product_cat-fios","12":"product_cat-la","13":"product_cat-marcas","14":"product_cat-rosarios-4-marcas","16":"first","17":"outofstock","18":"shipping-taxable","19":"purchasable","20":"product-type-simple"},"_links":{"self":[{"href":"https:\/\/www.lojameraki.pt\/novo\/wp-json\/wp\/v2\/product\/308","targetHints":{"allow":["GET"]}}],"collection":[{"href":"https:\/\/www.lojameraki.pt\/novo\/wp-json\/wp\/v2\/product"}],"about":[{"href":"https:\/\/www.lojameraki.pt\/novo\/wp-json\/wp\/v2\/types\/product"}],"wp:featuredmedia":[{"embeddable":true,"href":"https:\/\/www.lojameraki.pt\/novo\/wp-json\/wp\/v2\/media\/309"}],"wp:attachment":[{"href":"https:\/\/www.lojameraki.pt\/novo\/wp-json\/wp\/v2\/media?parent=308"}],"wp:term":[{"taxonomy":"product_brand","embeddable":true,"href":"https:\/\/www.lojameraki.pt\/novo\/wp-json\/wp\/v2\/product_brand?post=308"},{"taxonomy":"product_cat","embeddable":true,"href":"https:\/\/www.lojameraki.pt\/novo\/wp-json\/wp\/v2\/product_cat?post=308"},{"taxonomy":"product_tag","embeddable":true,"href":"https:\/\/www.lojameraki.pt\/novo\/wp-json\/wp\/v2\/product_tag?post=308"}],"curies":[{"name":"wp","href":"https:\/\/api.w.org\/{rel}","templated":true}]}}