{"id":4262,"date":"2021-05-18T16:47:24","date_gmt":"2021-05-18T16:47:24","guid":{"rendered":"https:\/\/www.lojameraki.pt\/?post_type=product&#038;p=4262"},"modified":"2022-01-10T15:38:11","modified_gmt":"2022-01-10T15:38:11","slug":"enka-3","status":"publish","type":"product","link":"https:\/\/www.lojameraki.pt\/novo\/product\/enka-3\/","title":{"rendered":"Enka 3"},"content":{"rendered":"<p>Enka 3<\/p>\n<p>Composi\u00e7\u00e3o: 50% Algod\u00e3o;\u00a0 20% Seda; 15% L\u00e3; 15% poliamida<\/p>\n<p>Peso: 200 gramas<\/p>\n<p>Comprimento: 500 metros | DK<\/p>\n<p>Agulhas: 4mm &#8211;\u00a0 4,5 mm<\/p>\n<p>Amostra: 18-20 sts x 24-26 rows = 10 cm<\/p>\n<p>&nbsp;<\/p>\n","protected":false},"excerpt":{"rendered":"<p>Enka 3 Composi\u00e7\u00e3o: 50% Algod\u00e3o;\u00a0 20% Seda; 15% L\u00e3; 15% poliamida Peso: 200 gramas Comprimento: 500 metros | DK Agulhas: 4mm &#8211;\u00a0 4,5 mm Amostra: 18-20 sts x 24-26 rows = 10 cm &nbsp;<\/p>\n","protected":false},"featured_media":4260,"template":"","meta":{"_et_pb_use_builder":"","_et_pb_old_content":"","_et_gb_content_width":""},"product_brand":[],"product_cat":[77,22,88,333,23,20,70,21,126,76,74],"product_tag":[],"class_list":{"0":"post-4262","1":"product","2":"type-product","3":"status-publish","4":"has-post-thumbnail","6":"product_cat-algodao","7":"product_cat-composicao","8":"product_cat-dk","9":"product_cat-enka","10":"product_cat-espessura","11":"product_cat-fios","12":"product_cat-la","13":"product_cat-marcas","14":"product_cat-noro-marcas","15":"product_cat-poliamida-nylon","16":"product_cat-seda","18":"first","19":"instock","20":"shipping-taxable","21":"purchasable","22":"product-type-simple"},"_links":{"self":[{"href":"https:\/\/www.lojameraki.pt\/novo\/wp-json\/wp\/v2\/product\/4262","targetHints":{"allow":["GET"]}}],"collection":[{"href":"https:\/\/www.lojameraki.pt\/novo\/wp-json\/wp\/v2\/product"}],"about":[{"href":"https:\/\/www.lojameraki.pt\/novo\/wp-json\/wp\/v2\/types\/product"}],"wp:featuredmedia":[{"embeddable":true,"href":"https:\/\/www.lojameraki.pt\/novo\/wp-json\/wp\/v2\/media\/4260"}],"wp:attachment":[{"href":"https:\/\/www.lojameraki.pt\/novo\/wp-json\/wp\/v2\/media?parent=4262"}],"wp:term":[{"taxonomy":"product_brand","embeddable":true,"href":"https:\/\/www.lojameraki.pt\/novo\/wp-json\/wp\/v2\/product_brand?post=4262"},{"taxonomy":"product_cat","embeddable":true,"href":"https:\/\/www.lojameraki.pt\/novo\/wp-json\/wp\/v2\/product_cat?post=4262"},{"taxonomy":"product_tag","embeddable":true,"href":"https:\/\/www.lojameraki.pt\/novo\/wp-json\/wp\/v2\/product_tag?post=4262"}],"curies":[{"name":"wp","href":"https:\/\/api.w.org\/{rel}","templated":true}]}}