{"id":4309,"date":"2021-05-28T11:12:31","date_gmt":"2021-05-28T11:12:31","guid":{"rendered":"https:\/\/www.lojameraki.pt\/?post_type=product&#038;p=4309"},"modified":"2022-12-06T14:44:03","modified_gmt":"2022-12-06T14:44:03","slug":"mohair-cotton-083","status":"publish","type":"product","link":"https:\/\/www.lojameraki.pt\/novo\/product\/mohair-cotton-083\/","title":{"rendered":"Mohair Cotton 083"},"content":{"rendered":"<p>Mohair Cotton 083<\/p>\n<p>Composi\u00e7\u00e3o:\u00a0 70% Algod\u00e3o; 30% Mohair<\/p>\n<p>Peso: 50 gramas<\/p>\n<p>Comprimento: 225 metros\u00a0 | Light Fingering<\/p>\n<p>Agulhas: 3 &#8211; 3,5 mm<\/p>\n<p>Amostra: 29 malhas\u00a0 por 35 carreiras\u00a0 (10 cm)<\/p>\n<p>Lav\u00e1vel \u00e0 m\u00e3o<\/p>\n","protected":false},"excerpt":{"rendered":"<p>Mohair Cotton 083 Composi\u00e7\u00e3o:\u00a0 70% Algod\u00e3o; 30% Mohair Peso: 50 gramas Comprimento: 225 metros\u00a0 | Light Fingering Agulhas: 3 &#8211; 3,5 mm Amostra: 29 malhas\u00a0 por 35 carreiras\u00a0 (10 cm) Lav\u00e1vel \u00e0 m\u00e3o<\/p>\n","protected":false},"featured_media":4305,"template":"","meta":{"_et_pb_use_builder":"","_et_pb_old_content":"","_et_gb_content_width":""},"product_brand":[],"product_cat":[23,87,20,93,70,21,335,76],"product_tag":[],"class_list":{"0":"post-4309","1":"product","2":"type-product","3":"status-publish","4":"has-post-thumbnail","6":"product_cat-espessura","7":"product_cat-fingering","8":"product_cat-fios","9":"product_cat-katia-marcas","10":"product_cat-la","11":"product_cat-marcas","12":"product_cat-mohair-cotton","13":"product_cat-poliamida-nylon","15":"first","16":"instock","17":"shipping-taxable","18":"purchasable","19":"product-type-simple"},"_links":{"self":[{"href":"https:\/\/www.lojameraki.pt\/novo\/wp-json\/wp\/v2\/product\/4309","targetHints":{"allow":["GET"]}}],"collection":[{"href":"https:\/\/www.lojameraki.pt\/novo\/wp-json\/wp\/v2\/product"}],"about":[{"href":"https:\/\/www.lojameraki.pt\/novo\/wp-json\/wp\/v2\/types\/product"}],"wp:featuredmedia":[{"embeddable":true,"href":"https:\/\/www.lojameraki.pt\/novo\/wp-json\/wp\/v2\/media\/4305"}],"wp:attachment":[{"href":"https:\/\/www.lojameraki.pt\/novo\/wp-json\/wp\/v2\/media?parent=4309"}],"wp:term":[{"taxonomy":"product_brand","embeddable":true,"href":"https:\/\/www.lojameraki.pt\/novo\/wp-json\/wp\/v2\/product_brand?post=4309"},{"taxonomy":"product_cat","embeddable":true,"href":"https:\/\/www.lojameraki.pt\/novo\/wp-json\/wp\/v2\/product_cat?post=4309"},{"taxonomy":"product_tag","embeddable":true,"href":"https:\/\/www.lojameraki.pt\/novo\/wp-json\/wp\/v2\/product_tag?post=4309"}],"curies":[{"name":"wp","href":"https:\/\/api.w.org\/{rel}","templated":true}]}}