{"id":4471,"date":"2021-07-19T11:23:09","date_gmt":"2021-07-19T11:23:09","guid":{"rendered":"https:\/\/www.lojameraki.pt\/?post_type=product&#038;p=4471"},"modified":"2026-03-25T17:27:47","modified_gmt":"2026-03-25T17:27:47","slug":"arezzo-0953","status":"publish","type":"product","link":"https:\/\/www.lojameraki.pt\/novo\/product\/arezzo-0953\/","title":{"rendered":"Arezzo 0953"},"content":{"rendered":"<p>Arezzo 0953<\/p>\n<p>Composi\u00e7\u00e3o: 29% linho; 37% algod\u00e3o; 34% bamboo<\/p>\n<p>Peso: 50 gramas<\/p>\n<p>Comprimento: 150 metros\u00a0 | Sport<\/p>\n<p>Agulhas: 3 mm &#8211; 3.50 mm<\/p>\n<p>Amostra: 26 malhas 10 cm<\/p>\n<p>lav\u00e1vel \u00e0 m\u00e1quina 40\u00ba<\/p>\n","protected":false},"excerpt":{"rendered":"<p>Arezzo 0953 Composi\u00e7\u00e3o: 29% linho; 37% algod\u00e3o; 34% bamboo Peso: 50 gramas Comprimento: 150 metros\u00a0 | Sport Agulhas: 3 mm &#8211; 3.50 mm Amostra: 26 malhas 10 cm lav\u00e1vel \u00e0 m\u00e1quina 40\u00ba<\/p>\n","protected":false},"featured_media":4460,"template":"","meta":{"_et_pb_use_builder":"","_et_pb_old_content":"","_et_gb_content_width":""},"product_brand":[],"product_cat":[77,283,83,22,23,20,96,79,21,26,110],"product_tag":[],"class_list":{"0":"post-4471","1":"product","2":"type-product","3":"status-publish","4":"has-post-thumbnail","6":"product_cat-algodao","7":"product_cat-arezzo-lin","8":"product_cat-bambu","9":"product_cat-composicao","10":"product_cat-espessura","11":"product_cat-fios","12":"product_cat-hjerte-garn-marcas","13":"product_cat-linho","14":"product_cat-marcas","15":"product_cat-primavera-verao","16":"product_cat-sport","18":"first","19":"instock","20":"shipping-taxable","21":"purchasable","22":"product-type-simple"},"_links":{"self":[{"href":"https:\/\/www.lojameraki.pt\/novo\/wp-json\/wp\/v2\/product\/4471","targetHints":{"allow":["GET"]}}],"collection":[{"href":"https:\/\/www.lojameraki.pt\/novo\/wp-json\/wp\/v2\/product"}],"about":[{"href":"https:\/\/www.lojameraki.pt\/novo\/wp-json\/wp\/v2\/types\/product"}],"wp:featuredmedia":[{"embeddable":true,"href":"https:\/\/www.lojameraki.pt\/novo\/wp-json\/wp\/v2\/media\/4460"}],"wp:attachment":[{"href":"https:\/\/www.lojameraki.pt\/novo\/wp-json\/wp\/v2\/media?parent=4471"}],"wp:term":[{"taxonomy":"product_brand","embeddable":true,"href":"https:\/\/www.lojameraki.pt\/novo\/wp-json\/wp\/v2\/product_brand?post=4471"},{"taxonomy":"product_cat","embeddable":true,"href":"https:\/\/www.lojameraki.pt\/novo\/wp-json\/wp\/v2\/product_cat?post=4471"},{"taxonomy":"product_tag","embeddable":true,"href":"https:\/\/www.lojameraki.pt\/novo\/wp-json\/wp\/v2\/product_tag?post=4471"}],"curies":[{"name":"wp","href":"https:\/\/api.w.org\/{rel}","templated":true}]}}