{"id":4922,"date":"2021-09-23T14:41:39","date_gmt":"2021-09-23T14:41:39","guid":{"rendered":"https:\/\/www.lojameraki.pt\/?post_type=product&#038;p=4922"},"modified":"2023-09-08T15:07:27","modified_gmt":"2023-09-08T15:07:27","slug":"merino-85-250-azul-marinho","status":"publish","type":"product","link":"https:\/\/www.lojameraki.pt\/novo\/product\/merino-85-250-azul-marinho\/","title":{"rendered":"Merino 85  250 azul marinho"},"content":{"rendered":"<p>Merino 85 250 azul marinho<\/p>\n<p>Composi\u00e7\u00e3o: 100% L\u00e3 virgem<\/p>\n<p>Peso: 50 gramas<\/p>\n<p>Comprimento: 85 metros |\u00a0 Aran<\/p>\n<p>Agulhas: 4,5 &#8211; 5,5 mm<\/p>\n<p>Amostra: 18 malhas x 25 carreiras\u00a0 (10 cm)<\/p>\n<p>lav\u00e1vel \u00e0 m\u00e1quina<\/p>\n","protected":false},"excerpt":{"rendered":"<p>Merino 85 250 azul marinho Composi\u00e7\u00e3o: 100% L\u00e3 virgem Peso: 50 gramas Comprimento: 85 metros |\u00a0 Aran Agulhas: 4,5 &#8211; 5,5 mm Amostra: 18 malhas x 25 carreiras\u00a0 (10 cm) lav\u00e1vel \u00e0 m\u00e1quina<\/p>\n","protected":false},"featured_media":0,"template":"","meta":{"_et_pb_use_builder":"","_et_pb_old_content":"","_et_gb_content_width":""},"product_brand":[],"product_cat":[112,22,23,20,70,21,352,109],"product_tag":[],"class_list":{"0":"post-4922","1":"product","2":"type-product","3":"status-publish","5":"product_cat-aran","6":"product_cat-composicao","7":"product_cat-espessura","8":"product_cat-fios","9":"product_cat-la","10":"product_cat-marcas","11":"product_cat-merino-85","12":"product_cat-schachenmayr-marcas","14":"first","15":"instock","16":"shipping-taxable","17":"purchasable","18":"product-type-simple"},"_links":{"self":[{"href":"https:\/\/www.lojameraki.pt\/novo\/wp-json\/wp\/v2\/product\/4922","targetHints":{"allow":["GET"]}}],"collection":[{"href":"https:\/\/www.lojameraki.pt\/novo\/wp-json\/wp\/v2\/product"}],"about":[{"href":"https:\/\/www.lojameraki.pt\/novo\/wp-json\/wp\/v2\/types\/product"}],"wp:attachment":[{"href":"https:\/\/www.lojameraki.pt\/novo\/wp-json\/wp\/v2\/media?parent=4922"}],"wp:term":[{"taxonomy":"product_brand","embeddable":true,"href":"https:\/\/www.lojameraki.pt\/novo\/wp-json\/wp\/v2\/product_brand?post=4922"},{"taxonomy":"product_cat","embeddable":true,"href":"https:\/\/www.lojameraki.pt\/novo\/wp-json\/wp\/v2\/product_cat?post=4922"},{"taxonomy":"product_tag","embeddable":true,"href":"https:\/\/www.lojameraki.pt\/novo\/wp-json\/wp\/v2\/product_tag?post=4922"}],"curies":[{"name":"wp","href":"https:\/\/api.w.org\/{rel}","templated":true}]}}