{"id":4992,"date":"2021-09-29T14:42:19","date_gmt":"2021-09-29T14:42:19","guid":{"rendered":"https:\/\/www.lojameraki.pt\/?post_type=product&#038;p=4992"},"modified":"2024-03-27T15:30:19","modified_gmt":"2024-03-27T15:30:19","slug":"zauberball-100-2270","status":"publish","type":"product","link":"https:\/\/www.lojameraki.pt\/novo\/product\/zauberball-100-2270\/","title":{"rendered":"Zauberball 100   2270"},"content":{"rendered":"<p>Zauberball 100\u00a0 \u00a02270<\/p>\n<p>Composi\u00e7\u00e3o:\u00a0 100%\u00a0 L\u00e3<\/p>\n<p>Peso: 100 gramas<\/p>\n<p>Comprimento: 420 metros\u00a0 | fingering<\/p>\n<p>Agulhas: 2 &#8211; 3 mm<\/p>\n<p>Amostra: 30 malhas por 42 carreiras\u00a0 \u00a0(10 cm x 10 cm )<\/p>\n<p>lav\u00e1vel \u00e0 m\u00e1quina<\/p>\n","protected":false},"excerpt":{"rendered":"<p>Zauberball 100\u00a0 \u00a02270 Composi\u00e7\u00e3o:\u00a0 100%\u00a0 L\u00e3 Peso: 100 gramas Comprimento: 420 metros\u00a0 | fingering Agulhas: 2 &#8211; 3 mm Amostra: 30 malhas por 42 carreiras\u00a0 \u00a0(10 cm x 10 cm ) lav\u00e1vel \u00e0 m\u00e1quina<\/p>\n","protected":false},"featured_media":4993,"template":"","meta":{"_et_pb_use_builder":"","_et_pb_old_content":"","_et_gb_content_width":""},"product_brand":[],"product_cat":[22,23,87,20,70,21,92,154],"product_tag":[],"class_list":{"0":"post-4992","1":"product","2":"type-product","3":"status-publish","4":"has-post-thumbnail","6":"product_cat-composicao","7":"product_cat-espessura","8":"product_cat-fingering","9":"product_cat-fios","10":"product_cat-la","11":"product_cat-marcas","12":"product_cat-schoppel-wolle-marcas","13":"product_cat-zauberball","15":"first","16":"instock","17":"shipping-taxable","18":"purchasable","19":"product-type-simple"},"_links":{"self":[{"href":"https:\/\/www.lojameraki.pt\/novo\/wp-json\/wp\/v2\/product\/4992","targetHints":{"allow":["GET"]}}],"collection":[{"href":"https:\/\/www.lojameraki.pt\/novo\/wp-json\/wp\/v2\/product"}],"about":[{"href":"https:\/\/www.lojameraki.pt\/novo\/wp-json\/wp\/v2\/types\/product"}],"wp:featuredmedia":[{"embeddable":true,"href":"https:\/\/www.lojameraki.pt\/novo\/wp-json\/wp\/v2\/media\/4993"}],"wp:attachment":[{"href":"https:\/\/www.lojameraki.pt\/novo\/wp-json\/wp\/v2\/media?parent=4992"}],"wp:term":[{"taxonomy":"product_brand","embeddable":true,"href":"https:\/\/www.lojameraki.pt\/novo\/wp-json\/wp\/v2\/product_brand?post=4992"},{"taxonomy":"product_cat","embeddable":true,"href":"https:\/\/www.lojameraki.pt\/novo\/wp-json\/wp\/v2\/product_cat?post=4992"},{"taxonomy":"product_tag","embeddable":true,"href":"https:\/\/www.lojameraki.pt\/novo\/wp-json\/wp\/v2\/product_tag?post=4992"}],"curies":[{"name":"wp","href":"https:\/\/api.w.org\/{rel}","templated":true}]}}