{"id":6109,"date":"2022-09-12T11:51:09","date_gmt":"2022-09-12T11:51:09","guid":{"rendered":"https:\/\/www.lojameraki.pt\/novo\/?post_type=product&#038;p=6109"},"modified":"2026-04-02T10:30:38","modified_gmt":"2026-04-02T10:30:38","slug":"canhamo-tweed-15","status":"publish","type":"product","link":"https:\/\/www.lojameraki.pt\/novo\/product\/canhamo-tweed-15\/","title":{"rendered":"C\u00e2nhamo Tweed 15"},"content":{"rendered":"<p>C\u00e2nhamo Tweed 15<\/p>\n<p>Composi\u00e7\u00e3o: 71% l\u00e3; 10% l\u00e3 alpaca; 10% c\u00e2nhamo; 9% viscose<\/p>\n<p>Peso: 50 gramas<\/p>\n<p>Comprimento: 130 metros | DK<\/p>\n<p>Agulhas: 3,5 &#8211; 4 mm<\/p>\n<p>Amostra: 21\u00a0 malhas por 28 carreiras\u00a0 \u00a0(10 cm)<\/p>\n<p>lav\u00e1vel \u00e0 m\u00e3o<\/p>\n","protected":false},"excerpt":{"rendered":"<p>C\u00e2nhamo Tweed 15 Composi\u00e7\u00e3o: 71% l\u00e3; 10% l\u00e3 alpaca; 10% c\u00e2nhamo; 9% viscose Peso: 50 gramas Comprimento: 130 metros | DK Agulhas: 3,5 &#8211; 4 mm Amostra: 21\u00a0 malhas por 28 carreiras\u00a0 \u00a0(10 cm) lav\u00e1vel \u00e0 m\u00e3o<\/p>\n","protected":false},"featured_media":6105,"template":"","meta":{"_et_pb_use_builder":"","_et_pb_old_content":"","_et_gb_content_width":""},"product_brand":[],"product_cat":[224,395,88,23,20,70,72,21,95,80],"product_tag":[],"class_list":{"0":"post-6109","1":"product","2":"type-product","3":"status-publish","4":"has-post-thumbnail","6":"product_cat-canhamo","7":"product_cat-canhamo-tweed","8":"product_cat-dk","9":"product_cat-espessura","10":"product_cat-fios","11":"product_cat-la","12":"product_cat-la-alpaca","13":"product_cat-marcas","14":"product_cat-rosarios-4-marcas","15":"product_cat-viscose","17":"first","18":"outofstock","19":"shipping-taxable","20":"purchasable","21":"product-type-simple"},"_links":{"self":[{"href":"https:\/\/www.lojameraki.pt\/novo\/wp-json\/wp\/v2\/product\/6109","targetHints":{"allow":["GET"]}}],"collection":[{"href":"https:\/\/www.lojameraki.pt\/novo\/wp-json\/wp\/v2\/product"}],"about":[{"href":"https:\/\/www.lojameraki.pt\/novo\/wp-json\/wp\/v2\/types\/product"}],"wp:featuredmedia":[{"embeddable":true,"href":"https:\/\/www.lojameraki.pt\/novo\/wp-json\/wp\/v2\/media\/6105"}],"wp:attachment":[{"href":"https:\/\/www.lojameraki.pt\/novo\/wp-json\/wp\/v2\/media?parent=6109"}],"wp:term":[{"taxonomy":"product_brand","embeddable":true,"href":"https:\/\/www.lojameraki.pt\/novo\/wp-json\/wp\/v2\/product_brand?post=6109"},{"taxonomy":"product_cat","embeddable":true,"href":"https:\/\/www.lojameraki.pt\/novo\/wp-json\/wp\/v2\/product_cat?post=6109"},{"taxonomy":"product_tag","embeddable":true,"href":"https:\/\/www.lojameraki.pt\/novo\/wp-json\/wp\/v2\/product_tag?post=6109"}],"curies":[{"name":"wp","href":"https:\/\/api.w.org\/{rel}","templated":true}]}}