{"id":6251,"date":"2022-10-05T10:17:27","date_gmt":"2022-10-05T10:17:27","guid":{"rendered":"https:\/\/www.lojameraki.pt\/novo\/?post_type=product&#038;p=6251"},"modified":"2024-09-16T14:00:24","modified_gmt":"2024-09-16T14:00:24","slug":"mini-magnum-tweed-106","status":"publish","type":"product","link":"https:\/\/www.lojameraki.pt\/novo\/product\/mini-magnum-tweed-106\/","title":{"rendered":"Mini magnum Tweed  106"},"content":{"rendered":"<p>Mini magnum Tweed 106<\/p>\n<p>Composi\u00e7\u00e3o: 20% L\u00e3; 77% acr\u00edlico; 3 % viscose<\/p>\n<p>Peso: 200 gramas<\/p>\n<p>Comprimento: 200 metros |\u00a0 Worsted<\/p>\n<p>Agulhas: 8 mm<\/p>\n<p>Amostra: 10 malhas\u00a0 (10 cm)<\/p>\n<p>lav\u00e1vel \u00e0 m\u00e1quina<\/p>\n","protected":false},"excerpt":{"rendered":"<p>Mini magnum Tweed 106 Composi\u00e7\u00e3o: 20% L\u00e3; 77% acr\u00edlico; 3 % viscose Peso: 200 gramas Comprimento: 200 metros |\u00a0 Worsted Agulhas: 8 mm Amostra: 10 malhas\u00a0 (10 cm) lav\u00e1vel \u00e0 m\u00e1quina<\/p>\n","protected":false},"featured_media":6244,"template":"","meta":{"_et_pb_use_builder":"","_et_pb_old_content":"","_et_gb_content_width":""},"product_brand":[],"product_cat":[82,112,22,331,23,20,70,21,402,80],"product_tag":[],"class_list":{"0":"post-6251","1":"product","2":"type-product","3":"status-publish","4":"has-post-thumbnail","6":"product_cat-acrilico","7":"product_cat-aran","8":"product_cat-composicao","9":"product_cat-dmc","10":"product_cat-espessura","11":"product_cat-fios","12":"product_cat-la","13":"product_cat-marcas","14":"product_cat-mini-magnum-tweed-colour","15":"product_cat-viscose","17":"first","18":"instock","19":"shipping-taxable","20":"purchasable","21":"product-type-simple"},"_links":{"self":[{"href":"https:\/\/www.lojameraki.pt\/novo\/wp-json\/wp\/v2\/product\/6251","targetHints":{"allow":["GET"]}}],"collection":[{"href":"https:\/\/www.lojameraki.pt\/novo\/wp-json\/wp\/v2\/product"}],"about":[{"href":"https:\/\/www.lojameraki.pt\/novo\/wp-json\/wp\/v2\/types\/product"}],"wp:featuredmedia":[{"embeddable":true,"href":"https:\/\/www.lojameraki.pt\/novo\/wp-json\/wp\/v2\/media\/6244"}],"wp:attachment":[{"href":"https:\/\/www.lojameraki.pt\/novo\/wp-json\/wp\/v2\/media?parent=6251"}],"wp:term":[{"taxonomy":"product_brand","embeddable":true,"href":"https:\/\/www.lojameraki.pt\/novo\/wp-json\/wp\/v2\/product_brand?post=6251"},{"taxonomy":"product_cat","embeddable":true,"href":"https:\/\/www.lojameraki.pt\/novo\/wp-json\/wp\/v2\/product_cat?post=6251"},{"taxonomy":"product_tag","embeddable":true,"href":"https:\/\/www.lojameraki.pt\/novo\/wp-json\/wp\/v2\/product_tag?post=6251"}],"curies":[{"name":"wp","href":"https:\/\/api.w.org\/{rel}","templated":true}]}}