{"id":6520,"date":"2023-01-18T13:00:19","date_gmt":"2023-01-18T13:00:19","guid":{"rendered":"https:\/\/www.lojameraki.pt\/novo\/?post_type=product&#038;p=6520"},"modified":"2025-11-05T16:27:04","modified_gmt":"2025-11-05T16:27:04","slug":"enzo-silk-402","status":"publish","type":"product","link":"https:\/\/www.lojameraki.pt\/novo\/product\/enzo-silk-402\/","title":{"rendered":"Enzo Silk 402"},"content":{"rendered":"<p>Enzo Silk 402<\/p>\n<p>Composi\u00e7\u00e3o:\u00a0 85% l\u00e3 merino superwash; 15% seda<\/p>\n<p>Peso: 100 gramas<\/p>\n<p>Comprimento: 400 metros\u00a0 | fingering<\/p>\n<p>Agulhas: 2,5 &#8211; 3 mm<\/p>\n<p>Amostra: 28 malhas\u00a0 (10 cm)<\/p>\n<p>Lav\u00e1vel \u00e0 m\u00e1quina<\/p>\n<p>&nbsp;<\/p>\n","protected":false},"excerpt":{"rendered":"<p>Enzo Silk 402 Composi\u00e7\u00e3o:\u00a0 85% l\u00e3 merino superwash; 15% seda Peso: 100 gramas Comprimento: 400 metros\u00a0 | fingering Agulhas: 2,5 &#8211; 3 mm Amostra: 28 malhas\u00a0 (10 cm) Lav\u00e1vel \u00e0 m\u00e1quina &nbsp;<\/p>\n","protected":false},"featured_media":6518,"template":"","meta":{"_et_pb_use_builder":"","_et_pb_old_content":"","_et_gb_content_width":""},"product_brand":[],"product_cat":[22,410,23,87,20,96,71,21,74],"product_tag":[],"class_list":{"0":"post-6520","1":"product","2":"type-product","3":"status-publish","4":"has-post-thumbnail","6":"product_cat-composicao","7":"product_cat-enzo-silk","8":"product_cat-espessura","9":"product_cat-fingering","10":"product_cat-fios","11":"product_cat-hjerte-garn-marcas","12":"product_cat-la-merino","13":"product_cat-marcas","14":"product_cat-seda","16":"first","17":"instock","18":"shipping-taxable","19":"purchasable","20":"product-type-simple"},"_links":{"self":[{"href":"https:\/\/www.lojameraki.pt\/novo\/wp-json\/wp\/v2\/product\/6520","targetHints":{"allow":["GET"]}}],"collection":[{"href":"https:\/\/www.lojameraki.pt\/novo\/wp-json\/wp\/v2\/product"}],"about":[{"href":"https:\/\/www.lojameraki.pt\/novo\/wp-json\/wp\/v2\/types\/product"}],"wp:featuredmedia":[{"embeddable":true,"href":"https:\/\/www.lojameraki.pt\/novo\/wp-json\/wp\/v2\/media\/6518"}],"wp:attachment":[{"href":"https:\/\/www.lojameraki.pt\/novo\/wp-json\/wp\/v2\/media?parent=6520"}],"wp:term":[{"taxonomy":"product_brand","embeddable":true,"href":"https:\/\/www.lojameraki.pt\/novo\/wp-json\/wp\/v2\/product_brand?post=6520"},{"taxonomy":"product_cat","embeddable":true,"href":"https:\/\/www.lojameraki.pt\/novo\/wp-json\/wp\/v2\/product_cat?post=6520"},{"taxonomy":"product_tag","embeddable":true,"href":"https:\/\/www.lojameraki.pt\/novo\/wp-json\/wp\/v2\/product_tag?post=6520"}],"curies":[{"name":"wp","href":"https:\/\/api.w.org\/{rel}","templated":true}]}}