{"id":6772,"date":"2023-03-17T17:31:59","date_gmt":"2023-03-17T17:31:59","guid":{"rendered":"https:\/\/www.lojameraki.pt\/novo\/?post_type=product&#038;p=6772"},"modified":"2026-03-28T12:38:26","modified_gmt":"2026-03-28T12:38:26","slug":"corridinho-23","status":"publish","type":"product","link":"https:\/\/www.lojameraki.pt\/novo\/product\/corridinho-23\/","title":{"rendered":"Corridinho 23"},"content":{"rendered":"<p>Corridinho 23<\/p>\n<p>Composi\u00e7\u00e3o: 97% algod\u00e3o; 3% poli\u00e9ster met\u00e1lico<\/p>\n<p>Peso: 50 gramas<\/p>\n<p>Comprimento: 130 metros | Sport<\/p>\n<p>Agulhas: 3 &#8211; 3,5 mm<\/p>\n<p>Amostra:\u00a0 20 malhas por 30 carreiras\u00a0 \u00a0(10 x 10 cm)<\/p>\n<p>lav\u00e1vel na m\u00e1quina<\/p>\n","protected":false},"excerpt":{"rendered":"<p>Corridinho 23 Composi\u00e7\u00e3o: 97% algod\u00e3o; 3% poli\u00e9ster met\u00e1lico Peso: 50 gramas Comprimento: 130 metros | Sport Agulhas: 3 &#8211; 3,5 mm Amostra:\u00a0 20 malhas por 30 carreiras\u00a0 \u00a0(10 x 10 cm) lav\u00e1vel na m\u00e1quina<\/p>\n","protected":false},"featured_media":6769,"template":"","meta":{"_et_pb_use_builder":"","_et_pb_old_content":"","_et_gb_content_width":""},"product_brand":[],"product_cat":[77,22,419,23,20,21,85,26,95,110],"product_tag":[],"class_list":{"0":"post-6772","1":"product","2":"type-product","3":"status-publish","4":"has-post-thumbnail","6":"product_cat-algodao","7":"product_cat-composicao","8":"product_cat-corridinho","9":"product_cat-espessura","10":"product_cat-fios","11":"product_cat-marcas","12":"product_cat-poliester","13":"product_cat-primavera-verao","14":"product_cat-rosarios-4-marcas","15":"product_cat-sport","17":"first","18":"instock","19":"shipping-taxable","20":"purchasable","21":"product-type-simple"},"_links":{"self":[{"href":"https:\/\/www.lojameraki.pt\/novo\/wp-json\/wp\/v2\/product\/6772","targetHints":{"allow":["GET"]}}],"collection":[{"href":"https:\/\/www.lojameraki.pt\/novo\/wp-json\/wp\/v2\/product"}],"about":[{"href":"https:\/\/www.lojameraki.pt\/novo\/wp-json\/wp\/v2\/types\/product"}],"wp:featuredmedia":[{"embeddable":true,"href":"https:\/\/www.lojameraki.pt\/novo\/wp-json\/wp\/v2\/media\/6769"}],"wp:attachment":[{"href":"https:\/\/www.lojameraki.pt\/novo\/wp-json\/wp\/v2\/media?parent=6772"}],"wp:term":[{"taxonomy":"product_brand","embeddable":true,"href":"https:\/\/www.lojameraki.pt\/novo\/wp-json\/wp\/v2\/product_brand?post=6772"},{"taxonomy":"product_cat","embeddable":true,"href":"https:\/\/www.lojameraki.pt\/novo\/wp-json\/wp\/v2\/product_cat?post=6772"},{"taxonomy":"product_tag","embeddable":true,"href":"https:\/\/www.lojameraki.pt\/novo\/wp-json\/wp\/v2\/product_tag?post=6772"}],"curies":[{"name":"wp","href":"https:\/\/api.w.org\/{rel}","templated":true}]}}