{"id":7330,"date":"2023-06-26T11:38:57","date_gmt":"2023-06-26T11:38:57","guid":{"rendered":"https:\/\/www.lojameraki.pt\/novo\/?post_type=product&#038;p=7330"},"modified":"2025-12-17T17:34:09","modified_gmt":"2025-12-17T17:34:09","slug":"arendal","status":"publish","type":"product","link":"https:\/\/www.lojameraki.pt\/novo\/product\/arendal\/","title":{"rendered":"Arendal"},"content":{"rendered":"<p>Arendal da muud \u00e9 uma bolsa de projeto bonita e artesanal em couro premium, perfeita para trazer os teus projetos e acess\u00f3rios de tricot para qualquer lugar. A bolsa apresenta \u00f3timos detalhes funcionais &#8211; facilitando a realiza\u00e7\u00e3o dos teus projetos de tricot em qualquer lugar.<\/p>\n<p>O interior da bolsa possui um pr\u00e1tico bolso com z\u00edper, ideal para armazenar pequenos acess\u00f3rios. No exterior da bolsa, h\u00e1 um bolso que fecha com um bot\u00e3o.\u00a0 A bolsa possui duas al\u00e7as e uma al\u00e7a de ombro remov\u00edvel e ajust\u00e1vel para atender \u00e0s tuas necessidades.<br \/>\nA bolsa \u00e9 feita \u00e0 m\u00e3o usando couro premium. Isso lhe d\u00e1 uma bolsa dur\u00e1vel que envelhecer\u00e1 com beleza.<\/p>\n<p>\u2022 Bolso interior com z\u00edper<br \/>\n\u2022 Bolso frontal com fecho magn\u00e9tico<br \/>\n\u2022 Bolso traseiro com z\u00edper<br \/>\n\u2022 Al\u00e7a de ombro remov\u00edvel e ajust\u00e1vel<br \/>\n\u2022 Fechamento com z\u00edper<\/p>\n<p><strong>Especifica\u00e7\u00f5es:<\/strong><br \/>\nAl\u00e7a de ombro: Sim, ajust\u00e1vel<br \/>\nAltura: 35 cm<br \/>\nLargura: 34 cm<br \/>\nShell: Couro<br \/>\nForro: Polydrill com uma superf\u00edcie lisa para garantir f\u00e1cil manuten\u00e7\u00e3o<br \/>\nInforma\u00e7\u00f5es de cuidados: muud Care &amp; Clean<\/p>\n","protected":false},"excerpt":{"rendered":"<p>Arendal da muud \u00e9 uma bolsa de projeto bonita e artesanal em couro premium, perfeita para trazer os teus projetos e acess\u00f3rios de tricot para qualquer lugar. A bolsa apresenta \u00f3timos detalhes funcionais &#8211; facilitando a realiza\u00e7\u00e3o dos teus projetos de tricot em qualquer lugar. O interior da bolsa possui um pr\u00e1tico bolso com z\u00edper, [&hellip;]<\/p>\n","protected":false},"featured_media":7331,"template":"","meta":{"_et_pb_use_builder":"","_et_pb_old_content":"","_et_gb_content_width":""},"product_brand":[],"product_cat":[448],"product_tag":[],"class_list":{"0":"post-7330","1":"product","2":"type-product","3":"status-publish","4":"has-post-thumbnail","6":"product_cat-muud","8":"first","9":"outofstock","10":"shipping-taxable","11":"purchasable","12":"product-type-simple"},"_links":{"self":[{"href":"https:\/\/www.lojameraki.pt\/novo\/wp-json\/wp\/v2\/product\/7330","targetHints":{"allow":["GET"]}}],"collection":[{"href":"https:\/\/www.lojameraki.pt\/novo\/wp-json\/wp\/v2\/product"}],"about":[{"href":"https:\/\/www.lojameraki.pt\/novo\/wp-json\/wp\/v2\/types\/product"}],"wp:featuredmedia":[{"embeddable":true,"href":"https:\/\/www.lojameraki.pt\/novo\/wp-json\/wp\/v2\/media\/7331"}],"wp:attachment":[{"href":"https:\/\/www.lojameraki.pt\/novo\/wp-json\/wp\/v2\/media?parent=7330"}],"wp:term":[{"taxonomy":"product_brand","embeddable":true,"href":"https:\/\/www.lojameraki.pt\/novo\/wp-json\/wp\/v2\/product_brand?post=7330"},{"taxonomy":"product_cat","embeddable":true,"href":"https:\/\/www.lojameraki.pt\/novo\/wp-json\/wp\/v2\/product_cat?post=7330"},{"taxonomy":"product_tag","embeddable":true,"href":"https:\/\/www.lojameraki.pt\/novo\/wp-json\/wp\/v2\/product_tag?post=7330"}],"curies":[{"name":"wp","href":"https:\/\/api.w.org\/{rel}","templated":true}]}}