{"id":7474,"date":"2023-07-18T10:58:01","date_gmt":"2023-07-18T10:58:01","guid":{"rendered":"https:\/\/www.lojameraki.pt\/novo\/?post_type=product&#038;p=7474"},"modified":"2025-07-11T14:36:15","modified_gmt":"2025-07-11T14:36:15","slug":"nautico-7679-amendoa","status":"publish","type":"product","link":"https:\/\/www.lojameraki.pt\/novo\/product\/nautico-7679-amendoa\/","title":{"rendered":"N\u00e1utico 7679 am\u00eandoa"},"content":{"rendered":"<p>N\u00e1utico 7679 am\u00eandoa<\/p>\n<p>Espessura: 5 mm &#8211;\u00a0 2400 TEX<\/p>\n<p>208 metros | 500 gramas<\/p>\n<p>Composi\u00e7\u00e3o: 100% Polipropileno<\/p>\n<p>Agulhas Para Crochet: 5mm a 7mm<\/p>\n<p>Agulhas Para Tricot: 7mm a 9mm<\/p>\n<p>&nbsp;<\/p>\n<p>&nbsp;<\/p>\n","protected":false},"excerpt":{"rendered":"<p>N\u00e1utico 7679 am\u00eandoa Espessura: 5 mm &#8211;\u00a0 2400 TEX 208 metros | 500 gramas Composi\u00e7\u00e3o: 100% Polipropileno Agulhas Para Crochet: 5mm a 7mm Agulhas Para Tricot: 7mm a 9mm &nbsp; &nbsp;<\/p>\n","protected":false},"featured_media":7469,"template":"","meta":{"_et_pb_use_builder":"","_et_pb_old_content":"","_et_gb_content_width":""},"product_brand":[],"product_cat":[443,445,20,21],"product_tag":[],"class_list":{"0":"post-7474","1":"product","2":"type-product","3":"status-publish","4":"has-post-thumbnail","6":"product_cat-circulo","7":"product_cat-fio-nautico","8":"product_cat-fios","9":"product_cat-marcas","11":"first","12":"outofstock","13":"shipping-taxable","14":"purchasable","15":"product-type-simple"},"_links":{"self":[{"href":"https:\/\/www.lojameraki.pt\/novo\/wp-json\/wp\/v2\/product\/7474","targetHints":{"allow":["GET"]}}],"collection":[{"href":"https:\/\/www.lojameraki.pt\/novo\/wp-json\/wp\/v2\/product"}],"about":[{"href":"https:\/\/www.lojameraki.pt\/novo\/wp-json\/wp\/v2\/types\/product"}],"wp:featuredmedia":[{"embeddable":true,"href":"https:\/\/www.lojameraki.pt\/novo\/wp-json\/wp\/v2\/media\/7469"}],"wp:attachment":[{"href":"https:\/\/www.lojameraki.pt\/novo\/wp-json\/wp\/v2\/media?parent=7474"}],"wp:term":[{"taxonomy":"product_brand","embeddable":true,"href":"https:\/\/www.lojameraki.pt\/novo\/wp-json\/wp\/v2\/product_brand?post=7474"},{"taxonomy":"product_cat","embeddable":true,"href":"https:\/\/www.lojameraki.pt\/novo\/wp-json\/wp\/v2\/product_cat?post=7474"},{"taxonomy":"product_tag","embeddable":true,"href":"https:\/\/www.lojameraki.pt\/novo\/wp-json\/wp\/v2\/product_tag?post=7474"}],"curies":[{"name":"wp","href":"https:\/\/api.w.org\/{rel}","templated":true}]}}