{"id":7503,"date":"2023-07-18T11:27:32","date_gmt":"2023-07-18T11:27:32","guid":{"rendered":"https:\/\/www.lojameraki.pt\/novo\/?post_type=product&#038;p=7503"},"modified":"2024-07-19T09:30:51","modified_gmt":"2024-07-19T09:30:51","slug":"elegant-mohair-47","status":"publish","type":"product","link":"https:\/\/www.lojameraki.pt\/novo\/product\/elegant-mohair-47\/","title":{"rendered":"Elegant Mohair 47"},"content":{"rendered":"<p>Elegant Mohair 47<\/p>\n<p>Composi\u00e7\u00e3o: 50% mohair; 50% nylon<\/p>\n<p>Peso: 25 gramas<\/p>\n<p>Comprimento: 215 metros |<\/p>\n<p>Agulhas: 3 &#8211; 4 mm<\/p>\n<p>Amostra: 18\u00a0 malhas por 26 carreiras\u00a0 \u00a0(10 cm)<\/p>\n<p>lav\u00e1vel \u00e0 m\u00e3o<\/p>\n","protected":false},"excerpt":{"rendered":"<p>Elegant Mohair 47 Composi\u00e7\u00e3o: 50% mohair; 50% nylon Peso: 25 gramas Comprimento: 215 metros | Agulhas: 3 &#8211; 4 mm Amostra: 18\u00a0 malhas por 26 carreiras\u00a0 \u00a0(10 cm) lav\u00e1vel \u00e0 m\u00e3o<\/p>\n","protected":false},"featured_media":7501,"template":"","meta":{"_et_pb_use_builder":"","_et_pb_old_content":"","_et_gb_content_width":""},"product_brand":[],"product_cat":[22,398,23,20,21,75,76,109],"product_tag":[],"class_list":{"0":"post-7503","1":"product","2":"type-product","3":"status-publish","4":"has-post-thumbnail","6":"product_cat-composicao","7":"product_cat-elegant-mohair","8":"product_cat-espessura","9":"product_cat-fios","10":"product_cat-marcas","11":"product_cat-mohair","12":"product_cat-poliamida-nylon","13":"product_cat-schachenmayr-marcas","15":"first","16":"instock","17":"shipping-taxable","18":"purchasable","19":"product-type-simple"},"_links":{"self":[{"href":"https:\/\/www.lojameraki.pt\/novo\/wp-json\/wp\/v2\/product\/7503","targetHints":{"allow":["GET"]}}],"collection":[{"href":"https:\/\/www.lojameraki.pt\/novo\/wp-json\/wp\/v2\/product"}],"about":[{"href":"https:\/\/www.lojameraki.pt\/novo\/wp-json\/wp\/v2\/types\/product"}],"wp:featuredmedia":[{"embeddable":true,"href":"https:\/\/www.lojameraki.pt\/novo\/wp-json\/wp\/v2\/media\/7501"}],"wp:attachment":[{"href":"https:\/\/www.lojameraki.pt\/novo\/wp-json\/wp\/v2\/media?parent=7503"}],"wp:term":[{"taxonomy":"product_brand","embeddable":true,"href":"https:\/\/www.lojameraki.pt\/novo\/wp-json\/wp\/v2\/product_brand?post=7503"},{"taxonomy":"product_cat","embeddable":true,"href":"https:\/\/www.lojameraki.pt\/novo\/wp-json\/wp\/v2\/product_cat?post=7503"},{"taxonomy":"product_tag","embeddable":true,"href":"https:\/\/www.lojameraki.pt\/novo\/wp-json\/wp\/v2\/product_tag?post=7503"}],"curies":[{"name":"wp","href":"https:\/\/api.w.org\/{rel}","templated":true}]}}