{"id":7577,"date":"2023-07-20T12:01:31","date_gmt":"2023-07-20T12:01:31","guid":{"rendered":"https:\/\/www.lojameraki.pt\/novo\/?post_type=product&#038;p=7577"},"modified":"2025-09-26T17:04:46","modified_gmt":"2025-09-26T17:04:46","slug":"damsel","status":"publish","type":"product","link":"https:\/\/www.lojameraki.pt\/novo\/product\/damsel\/","title":{"rendered":"Damsel"},"content":{"rendered":"<p>Sock _ Damsel<\/p>\n<p>Composi\u00e7\u00e3o: 90% l\u00e3 merino; 10 % nylon<\/p>\n<p>Peso: 100 gramas<\/p>\n<p>Comprimento: 400 metros | fingering<\/p>\n<p>Agulhas: 2mm &#8211; 3,50 mm<\/p>\n<p>Amostra:\u00a0 28 malhas\u00a0 (10 cm)<\/p>\n<p>lav\u00e1vel \u00e0 m\u00e1quina, ciclo delicado. Mulesing free.<\/p>\n","protected":false},"excerpt":{"rendered":"<p>Fio tingido \u00e0 m\u00e3o. Suave e macio com \u00f3tima defini\u00e7\u00e3o de pontos. As cores mudam lindamente de uma para outra. Tingidos aleatoriamente para evitar listras ou agrupamentos, tanto quanto poss\u00edvel, os fios criam um efeito variado que fica bem em meia simples ou motivos de pontos avan\u00e7ados.<\/p>\n<div class=\"woocommerce-product-details__short-description\"><\/div>\n<p class=\"stock in-stock\">Esta \u00e9 a base de fios mais popular e famosa, e por um bom motivo. O equil\u00edbrio perfeito entre macio e dur\u00e1vel, o corante fica especialmente bonito nesta base. O fio ideal para acess\u00f3rios. \u00c9 fant\u00e1stico para xailes, cachec\u00f3is, itens de beb\u00ea, chap\u00e9us e muito mais! Tamb\u00e9m pode ser dobrado para um projeto DK, que cria um tecido macio e flex\u00edvel com ainda mais varia\u00e7\u00f5es.<\/p>\n<p class=\"stock in-stock\">Observe que, embora tenhamos muito cuidado ao fotografar nossos fios, as cores podem variar ligeiramente de monitor para monitor.<\/p>\n<p>&nbsp;<\/p>\n","protected":false},"featured_media":7571,"template":"","meta":{"_et_pb_use_builder":"","_et_pb_old_content":"","_et_gb_content_width":""},"product_brand":[],"product_cat":[22,23,87,20,215,70,21,76,456],"product_tag":[],"class_list":{"0":"post-7577","1":"product","2":"type-product","3":"status-publish","4":"has-post-thumbnail","6":"product_cat-composicao","7":"product_cat-espessura","8":"product_cat-fingering","9":"product_cat-fios","10":"product_cat-hedgehog-fibers","11":"product_cat-la","12":"product_cat-marcas","13":"product_cat-poliamida-nylon","14":"product_cat-sock-hedgehog-fibers","16":"first","17":"outofstock","18":"featured","19":"shipping-taxable","20":"purchasable","21":"product-type-simple"},"_links":{"self":[{"href":"https:\/\/www.lojameraki.pt\/novo\/wp-json\/wp\/v2\/product\/7577","targetHints":{"allow":["GET"]}}],"collection":[{"href":"https:\/\/www.lojameraki.pt\/novo\/wp-json\/wp\/v2\/product"}],"about":[{"href":"https:\/\/www.lojameraki.pt\/novo\/wp-json\/wp\/v2\/types\/product"}],"wp:featuredmedia":[{"embeddable":true,"href":"https:\/\/www.lojameraki.pt\/novo\/wp-json\/wp\/v2\/media\/7571"}],"wp:attachment":[{"href":"https:\/\/www.lojameraki.pt\/novo\/wp-json\/wp\/v2\/media?parent=7577"}],"wp:term":[{"taxonomy":"product_brand","embeddable":true,"href":"https:\/\/www.lojameraki.pt\/novo\/wp-json\/wp\/v2\/product_brand?post=7577"},{"taxonomy":"product_cat","embeddable":true,"href":"https:\/\/www.lojameraki.pt\/novo\/wp-json\/wp\/v2\/product_cat?post=7577"},{"taxonomy":"product_tag","embeddable":true,"href":"https:\/\/www.lojameraki.pt\/novo\/wp-json\/wp\/v2\/product_tag?post=7577"}],"curies":[{"name":"wp","href":"https:\/\/api.w.org\/{rel}","templated":true}]}}