{"id":7810,"date":"2023-09-11T10:05:46","date_gmt":"2023-09-11T10:05:46","guid":{"rendered":"https:\/\/www.lojameraki.pt\/novo\/?post_type=product&#038;p=7810"},"modified":"2024-11-18T22:37:37","modified_gmt":"2024-11-18T22:37:37","slug":"knitting-around-europe","status":"publish","type":"product","link":"https:\/\/www.lojameraki.pt\/novo\/product\/knitting-around-europe\/","title":{"rendered":"Knitting Around Europe"},"content":{"rendered":"<p>Knitting Around Europe<\/p>\n<p>Um livro de tricot Knitting Around Europe by Andr\u00e9 de Castro inspirado nas tradi\u00e7\u00f5es e t\u00e9cnicas de tricot de diferentes pa\u00edses da Europa. 10 novos modelos exclusivos realizados em Tuscany Tweed da Schachenmayr.<\/p>\n","protected":false},"excerpt":{"rendered":"<p>Knitting Around Europe Um livro de tricot Knitting Around Europe by Andr\u00e9 de Castro inspirado nas tradi\u00e7\u00f5es e t\u00e9cnicas de tricot de diferentes pa\u00edses da Europa. 10 novos modelos exclusivos realizados em Tuscany Tweed da Schachenmayr.<\/p>\n","protected":false},"featured_media":7811,"template":"","meta":{"_et_pb_use_builder":"","_et_pb_old_content":"","_et_gb_content_width":""},"product_brand":[],"product_cat":[210],"product_tag":[],"class_list":{"0":"post-7810","1":"product","2":"type-product","3":"status-publish","4":"has-post-thumbnail","6":"product_cat-publicacoes-revistas","8":"first","9":"outofstock","10":"shipping-taxable","11":"purchasable","12":"product-type-simple"},"_links":{"self":[{"href":"https:\/\/www.lojameraki.pt\/novo\/wp-json\/wp\/v2\/product\/7810","targetHints":{"allow":["GET"]}}],"collection":[{"href":"https:\/\/www.lojameraki.pt\/novo\/wp-json\/wp\/v2\/product"}],"about":[{"href":"https:\/\/www.lojameraki.pt\/novo\/wp-json\/wp\/v2\/types\/product"}],"wp:featuredmedia":[{"embeddable":true,"href":"https:\/\/www.lojameraki.pt\/novo\/wp-json\/wp\/v2\/media\/7811"}],"wp:attachment":[{"href":"https:\/\/www.lojameraki.pt\/novo\/wp-json\/wp\/v2\/media?parent=7810"}],"wp:term":[{"taxonomy":"product_brand","embeddable":true,"href":"https:\/\/www.lojameraki.pt\/novo\/wp-json\/wp\/v2\/product_brand?post=7810"},{"taxonomy":"product_cat","embeddable":true,"href":"https:\/\/www.lojameraki.pt\/novo\/wp-json\/wp\/v2\/product_cat?post=7810"},{"taxonomy":"product_tag","embeddable":true,"href":"https:\/\/www.lojameraki.pt\/novo\/wp-json\/wp\/v2\/product_tag?post=7810"}],"curies":[{"name":"wp","href":"https:\/\/api.w.org\/{rel}","templated":true}]}}