{"id":8036,"date":"2023-12-06T19:02:32","date_gmt":"2023-12-06T19:02:32","guid":{"rendered":"https:\/\/www.lojameraki.pt\/novo\/?post_type=product&#038;p=8036"},"modified":"2026-01-13T15:04:01","modified_gmt":"2026-01-13T15:04:01","slug":"olhapim-16","status":"publish","type":"product","link":"https:\/\/www.lojameraki.pt\/novo\/product\/olhapim-16\/","title":{"rendered":"Olhapim 16"},"content":{"rendered":"<p>Olhapim 16<\/p>\n<p>Composi\u00e7\u00e3o: 85% L\u00e3; 15% Poliamida<\/p>\n<p>Peso: 100 gramas<\/p>\n<p>Comprimento: 50 metros |\u00a0 Aran<\/p>\n<p>Agulhas: 5 &#8211; 6 mm<\/p>\n<p>Amostra: 17 malhas x 27 carreiras\u00a0 (10 cm)<\/p>\n<p>lav\u00e1vel \u00e0 m\u00e3o<\/p>\n","protected":false},"excerpt":{"rendered":"<p>Olhapim 16 Composi\u00e7\u00e3o: 85% L\u00e3; 15% Poliamida Peso: 100 gramas Comprimento: 50 metros |\u00a0 Aran Agulhas: 5 &#8211; 6 mm Amostra: 17 malhas x 27 carreiras\u00a0 (10 cm) lav\u00e1vel \u00e0 m\u00e3o<\/p>\n","protected":false},"featured_media":8033,"template":"","meta":{"_et_pb_use_builder":"","_et_pb_old_content":"","_et_gb_content_width":""},"product_brand":[],"product_cat":[112,22,23,20,70,21,76,471,95],"product_tag":[],"class_list":{"0":"post-8036","1":"product","2":"type-product","3":"status-publish","4":"has-post-thumbnail","6":"product_cat-aran","7":"product_cat-composicao","8":"product_cat-espessura","9":"product_cat-fios","10":"product_cat-la","11":"product_cat-marcas","12":"product_cat-poliamida-nylon","13":"product_cat-olhapim","14":"product_cat-rosarios-4-marcas","16":"first","17":"outofstock","18":"shipping-taxable","19":"purchasable","20":"product-type-simple"},"_links":{"self":[{"href":"https:\/\/www.lojameraki.pt\/novo\/wp-json\/wp\/v2\/product\/8036","targetHints":{"allow":["GET"]}}],"collection":[{"href":"https:\/\/www.lojameraki.pt\/novo\/wp-json\/wp\/v2\/product"}],"about":[{"href":"https:\/\/www.lojameraki.pt\/novo\/wp-json\/wp\/v2\/types\/product"}],"wp:featuredmedia":[{"embeddable":true,"href":"https:\/\/www.lojameraki.pt\/novo\/wp-json\/wp\/v2\/media\/8033"}],"wp:attachment":[{"href":"https:\/\/www.lojameraki.pt\/novo\/wp-json\/wp\/v2\/media?parent=8036"}],"wp:term":[{"taxonomy":"product_brand","embeddable":true,"href":"https:\/\/www.lojameraki.pt\/novo\/wp-json\/wp\/v2\/product_brand?post=8036"},{"taxonomy":"product_cat","embeddable":true,"href":"https:\/\/www.lojameraki.pt\/novo\/wp-json\/wp\/v2\/product_cat?post=8036"},{"taxonomy":"product_tag","embeddable":true,"href":"https:\/\/www.lojameraki.pt\/novo\/wp-json\/wp\/v2\/product_tag?post=8036"}],"curies":[{"name":"wp","href":"https:\/\/api.w.org\/{rel}","templated":true}]}}