{"id":8792,"date":"2024-07-02T14:34:11","date_gmt":"2024-07-02T14:34:11","guid":{"rendered":"https:\/\/www.lojameraki.pt\/novo\/?post_type=product&#038;p=8792"},"modified":"2025-10-01T14:07:25","modified_gmt":"2025-10-01T14:07:25","slug":"summerlite-4ply-419","status":"publish","type":"product","link":"https:\/\/www.lojameraki.pt\/novo\/product\/summerlite-4ply-419\/","title":{"rendered":"Summerlite 4ply 419"},"content":{"rendered":"<p>Summerlite 4ply 419<\/p>\n<p>Composi\u00e7\u00e3o:\u00a0 100% algod\u00e3o eg\u00edpcio<\/p>\n<p>Peso: 50 gramas<\/p>\n<p>Comprimento: 175 metros\u00a0 | Fingering<\/p>\n<p>Agulhas: 3 mm<\/p>\n<p>Amostra: 38 malhas x 36 carreiras (10 cm)<\/p>\n<p>Lav\u00e1vel \u00e0 m\u00e1quina<\/p>\n<p>&nbsp;<\/p>\n","protected":false},"excerpt":{"rendered":"<p>Summerlite 4ply \u00e9 um algod\u00e3o eg\u00edpcio muito macio e com boa defini\u00e7\u00e3o de ponto.<\/p>\n","protected":false},"featured_media":8782,"template":"","meta":{"_et_pb_use_builder":"","_et_pb_old_content":"","_et_gb_content_width":""},"product_brand":[],"product_cat":[77,23,87,20,21,26,107,414],"product_tag":[],"class_list":{"0":"post-8792","1":"product","2":"type-product","3":"status-publish","4":"has-post-thumbnail","6":"product_cat-algodao","7":"product_cat-espessura","8":"product_cat-fingering","9":"product_cat-fios","10":"product_cat-marcas","11":"product_cat-primavera-verao","12":"product_cat-rowan-marcas","13":"product_cat-summerlite-4-ply","15":"first","16":"instock","17":"shipping-taxable","18":"purchasable","19":"product-type-simple"},"_links":{"self":[{"href":"https:\/\/www.lojameraki.pt\/novo\/wp-json\/wp\/v2\/product\/8792","targetHints":{"allow":["GET"]}}],"collection":[{"href":"https:\/\/www.lojameraki.pt\/novo\/wp-json\/wp\/v2\/product"}],"about":[{"href":"https:\/\/www.lojameraki.pt\/novo\/wp-json\/wp\/v2\/types\/product"}],"wp:featuredmedia":[{"embeddable":true,"href":"https:\/\/www.lojameraki.pt\/novo\/wp-json\/wp\/v2\/media\/8782"}],"wp:attachment":[{"href":"https:\/\/www.lojameraki.pt\/novo\/wp-json\/wp\/v2\/media?parent=8792"}],"wp:term":[{"taxonomy":"product_brand","embeddable":true,"href":"https:\/\/www.lojameraki.pt\/novo\/wp-json\/wp\/v2\/product_brand?post=8792"},{"taxonomy":"product_cat","embeddable":true,"href":"https:\/\/www.lojameraki.pt\/novo\/wp-json\/wp\/v2\/product_cat?post=8792"},{"taxonomy":"product_tag","embeddable":true,"href":"https:\/\/www.lojameraki.pt\/novo\/wp-json\/wp\/v2\/product_tag?post=8792"}],"curies":[{"name":"wp","href":"https:\/\/api.w.org\/{rel}","templated":true}]}}