{"id":8956,"date":"2024-07-18T11:42:24","date_gmt":"2024-07-18T11:42:24","guid":{"rendered":"https:\/\/www.lojameraki.pt\/novo\/?post_type=product&#038;p=8956"},"modified":"2024-07-18T11:43:40","modified_gmt":"2024-07-18T11:43:40","slug":"easy-cotton-spritz","status":"publish","type":"product","link":"https:\/\/www.lojameraki.pt\/novo\/product\/easy-cotton-spritz\/","title":{"rendered":"Easy Cotton Spritz"},"content":{"rendered":"<p>Easy Cotton Spritz<\/p>\n<p>Os modelos tricotados em Easy Cotton Spritz s\u00e3o muito confort\u00e1veis de usar, ao mesmo tempo este fio convence com uma defini\u00e7\u00e3o de pontos incrivelmente fant\u00e1stica. Quer sejam tricotados em ponto jersey ou em crochet, os modelos deste livro n\u00e3o dar\u00e3o apenas prazer durante um ver\u00e3o. Modelos para crian\u00e7a em tamanhos dos 6 aos 12 anos.<\/p>\n<p>Instru\u00e7\u00f5es dispon\u00edveis em Portugu\u00eas e Espanhol.<\/p>\n","protected":false},"excerpt":{"rendered":"<p>Easy Cotton Spritz Os modelos tricotados em Easy Cotton Spritz s\u00e3o muito confort\u00e1veis de usar, ao mesmo tempo este fio convence com uma defini\u00e7\u00e3o de pontos incrivelmente fant\u00e1stica. Quer sejam tricotados em ponto jersey ou em crochet, os modelos deste livro n\u00e3o dar\u00e3o apenas prazer durante um ver\u00e3o. Modelos para crian\u00e7a em tamanhos dos 6 [&hellip;]<\/p>\n","protected":false},"featured_media":8957,"template":"","meta":{"_et_pb_use_builder":"","_et_pb_old_content":"","_et_gb_content_width":""},"product_brand":[],"product_cat":[474,210],"product_tag":[],"class_list":{"0":"post-8956","1":"product","2":"type-product","3":"status-publish","4":"has-post-thumbnail","6":"product_cat-easy-cotton","7":"product_cat-publicacoes-revistas","9":"first","10":"instock","11":"shipping-taxable","12":"purchasable","13":"product-type-simple"},"_links":{"self":[{"href":"https:\/\/www.lojameraki.pt\/novo\/wp-json\/wp\/v2\/product\/8956","targetHints":{"allow":["GET"]}}],"collection":[{"href":"https:\/\/www.lojameraki.pt\/novo\/wp-json\/wp\/v2\/product"}],"about":[{"href":"https:\/\/www.lojameraki.pt\/novo\/wp-json\/wp\/v2\/types\/product"}],"wp:featuredmedia":[{"embeddable":true,"href":"https:\/\/www.lojameraki.pt\/novo\/wp-json\/wp\/v2\/media\/8957"}],"wp:attachment":[{"href":"https:\/\/www.lojameraki.pt\/novo\/wp-json\/wp\/v2\/media?parent=8956"}],"wp:term":[{"taxonomy":"product_brand","embeddable":true,"href":"https:\/\/www.lojameraki.pt\/novo\/wp-json\/wp\/v2\/product_brand?post=8956"},{"taxonomy":"product_cat","embeddable":true,"href":"https:\/\/www.lojameraki.pt\/novo\/wp-json\/wp\/v2\/product_cat?post=8956"},{"taxonomy":"product_tag","embeddable":true,"href":"https:\/\/www.lojameraki.pt\/novo\/wp-json\/wp\/v2\/product_tag?post=8956"}],"curies":[{"name":"wp","href":"https:\/\/api.w.org\/{rel}","templated":true}]}}